{"id":987490593,"date":"2020-08-12T08:56:44","date_gmt":"2020-08-12T08:56:44","guid":{"rendered":"https:\/\/veronaintour.com\/tour\/amarone-e-bike-tour-im-herzen-des-valpolicella\/"},"modified":"2026-08-24T15:00:06","modified_gmt":"2026-08-24T15:00:06","slug":"amarone-e-bike-tour-valpolicella","status":"publish","type":"tour","link":"https:\/\/veronaintour.com\/de\/tour\/amarone-e-bike-tour-valpolicella\/","title":{"rendered":"Amarone E-Bike Tour im Herzen des Valpolicella Classica"},"content":{"rendered":"<p>[et_pb_section fb_built=&#8220;1&#8243; _builder_version=&#8220;4.20.4&#8243; _module_preset=&#8220;default&#8220; custom_padding=&#8220;||0px|||&#8220; locked=&#8220;off&#8220; global_colors_info=&#8220;{}&#8220; theme_builder_area=&#8220;post_content&#8220;][et_pb_row use_custom_gutter=&#8220;on&#8220; gutter_width=&#8220;1&#8243; module_class=&#8220;col-width&#8220; _builder_version=&#8220;4.20.4&#8243; _module_preset=&#8220;default&#8220; custom_margin=&#8220;0px||0px||true|false&#8220; custom_padding=&#8220;0px||0px||true|false&#8220; global_colors_info=&#8220;{}&#8220; theme_builder_area=&#8220;post_content&#8220;][et_pb_column type=&#8220;4_4&#8243; _builder_version=&#8220;4.20.4&#8243; _module_preset=&#8220;default&#8220; global_colors_info=&#8220;{}&#8220; theme_builder_area=&#8220;post_content&#8220;][et_pb_gallery gallery_ids=&#8220;987490054,987490062,987490058,987490050&#8243; show_title_and_caption=&#8220;off&#8220; show_pagination=&#8220;off&#8220; zoom_icon_color=&#8220;RGBA(255,255,255,0)&#8220; hover_overlay_color=&#8220;RGBA(255,255,255,0)&#8220; module_class=&#8220;col-width&#8220; _builder_version=&#8220;4.20.4&#8243; _module_preset=&#8220;default&#8220; border_color_all=&#8220;#FFFFFF&#8220; border_width_all_image=&#8220;4px&#8220; border_color_all_image=&#8220;#FFFFFF&#8220; global_colors_info=&#8220;{}&#8220; theme_builder_area=&#8220;post_content&#8220;][\/et_pb_gallery][\/et_pb_column][\/et_pb_row][\/et_pb_section][et_pb_section fb_built=&#8220;1&#8243; _builder_version=&#8220;4.20.4&#8243; _module_preset=&#8220;default&#8220; global_colors_info=&#8220;{}&#8220; theme_builder_area=&#8220;post_content&#8220;][et_pb_row column_structure=&#8220;1_2,1_2&#8243; _builder_version=&#8220;4.20.4&#8243; _module_preset=&#8220;default&#8220; width_tablet=&#8220;90%&#8220; width_phone=&#8220;&#8220; width_last_edited=&#8220;on|phone&#8220; custom_padding=&#8220;0px||||false|false&#8220; global_colors_info=&#8220;{}&#8220; theme_builder_area=&#8220;post_content&#8220;][et_pb_column type=&#8220;1_2&#8243; _builder_version=&#8220;4.16&#8243; _module_preset=&#8220;default&#8220; global_colors_info=&#8220;{}&#8220; theme_builder_area=&#8220;post_content&#8220;][et_pb_text _builder_version=&#8220;4.27.6&#8243; custom_margin=&#8220;||10px||false|false&#8220; custom_padding=&#8220;||||false|false&#8220; hover_enabled=&#8220;0&#8243; locked=&#8220;off&#8220; global_colors_info=&#8220;{}&#8220; theme_builder_area=&#8220;post_content&#8220; sticky_enabled=&#8220;0&#8243;]<\/p>\n<h3>\u00dcbersicht<\/h3>\n<p>Nehmen Sie an unserer exklusiven Tour durch das Valpolicella teil, einer bezaubernden Region, in der Natur, Geschichte und Kultur zu einem einzigartigen Erlebnis verschmelzen. Wir starten in Pedemonte und tauchen von dort aus in eine atemberaubende Naturlandschaft ein, die unter anderem von Weinbergen und Olivenhainen in Negrar gepr\u00e4gt ist. Anschlie\u00dfend steigen wir auf den Monte Masua, um den Panoramablick \u00fcber das Tal zu genie\u00dfen. Am Armani-Bio-See legen wir eine entspannte Pause ein, bevor wir zur Wallfahrtskirche Santa Maria Valverde weiterfahren, einer historischen St\u00e4tte mit spektakul\u00e4ren Ausblicken. Die Tour f\u00fchrt weiter \u00fcber den ruhigen Radweg nach San Floriano und Arbizzano. Den Abschluss bildet eine Wein- und Speisenverkostung auf einem traditionellen lokalen Bauernhof. Eine unvergessliche Reise durch die Sch\u00f6nheit und die Aromen des Valpolicella, die jedem Reisenden lange in Erinnerung bleiben wird.<\/p>\n<p>[\/et_pb_text][\/et_pb_column][et_pb_column type=&#8220;1_2&#8243; _builder_version=&#8220;4.16&#8243; _module_preset=&#8220;default&#8220; global_colors_info=&#8220;{}&#8220; theme_builder_area=&#8220;post_content&#8220;][et_pb_tabs active_tab_background_color=&#8220;#cb3c3b&#8220; inactive_tab_background_color=&#8220;#efefef&#8220; active_tab_text_color=&#8220;#FFFFFF&#8220; module_class=&#8220;equal-tabs&#8220; _builder_version=&#8220;4.27.6&#8243; _module_preset=&#8220;default&#8220; tab_text_color=&#8220;#2a2e31&#8243; tab_line_height=&#8220;1.3em&#8220; custom_margin=&#8220;||||false|false&#8220; custom_padding=&#8220;|0px|0px|0px|false|true&#8220; hover_enabled=&#8220;0&#8243; border_width_all=&#8220;0px&#8220; locked=&#8220;off&#8220; global_colors_info=&#8220;{}&#8220; theme_builder_area=&#8220;post_content&#8220; sticky_enabled=&#8220;0&#8243;][et_pb_tab title=&#8220;Tour info&#8220; _builder_version=&#8220;4.27.6&#8243; _module_preset=&#8220;default&#8220; hover_enabled=&#8220;0&#8243; global_colors_info=&#8220;{}&#8220; theme_builder_area=&#8220;post_content&#8220; sticky_enabled=&#8220;0&#8243;]<\/p>\n<p><strong>Cod.E22025 &#8211; Private F\u00fchrung<\/strong><\/p>\n<p><strong>Preis:<\/strong> 154,00 \u20ac pro Person (mind. 2 Personen)<br \/><strong>Dauer der Tour:<\/strong> 4 Stunden<br \/><strong>Startzeit:<\/strong> 9:30 Uhr<br \/><strong>Mitzubringen sind:<\/strong> bequeme Schuhe, Sportkleidung<\/p>\n<p>Parkpl\u00e4tze stehen am Treffpunkt zur Verf\u00fcgung.<\/p>\n<p>Erhalten Sie Antworten auf Ihre Fragen. Lesen Sie die\u00a0<a href=\"https:\/\/veronaintour.com\/de\/faqs\/\" target=\"_blank\" rel=\"noopener\" aria-label=\"FAQs\">FAQs<\/a>, um Antworten auf die am h\u00e4ufigsten gestellten Fragen zu finden, oder kontaktieren Sie uns \u00fcber das unten stehende Formular.<\/p>\n<div class=\"et_pb_row et_pb_row_2\">\n<div class=\"et_pb_column et_pb_column_4_4 et_pb_column_3  et_pb_css_mix_blend_mode_passthrough et-last-child\">\n<div class=\"et_pb_module et_pb_code et_pb_code_0\">\n<div class=\"et_pb_code_inner\">\n<p><booking-widget widget-id=\"8e4ac65b-dfa0-4e2e-869a-e9747b5fa46a\" data-wid=\"1\" tabindex=\"0\"><\/booking-widget><\/p>\n<div id=\"styles\">\n<div id=\"mui-insertion-point\"><\/div>\n<div id=\"custom-styles\"><\/div>\n<\/div>\n<div id=\"root\">\n<div class=\"MuiScopedCssBaseline-root re-ba-ieo5cn\">\n<div class=\"MuiScopedCssBaseline-root re-ba-17a40fn\">\n<div class=\"regiondo-widget regiondo-w-large re-ba-gajhq5\">\n<div class=\"regiondo-content\">\n<div class=\"regiondo-tabs\">\n<div class=\"MuiBox-root re-ba-0\">\n<div class=\"regiondo-steps MuiBox-root re-ba-1v3caum\">\n<div class=\"MuiBox-root re-ba-ynhmxt\"><\/div>\n<\/div>\n<\/div>\n<\/div>\n<\/div>\n<\/div>\n<\/div>\n<\/div>\n<\/div>\n<p>&nbsp;<\/p>\n<\/div>\n<\/div>\n<\/div>\n<\/div>\n<p>[\/et_pb_tab][et_pb_tab title=&#8220;Einschl\u00fcsse&#8220; _builder_version=&#8220;4.23.4&#8243; _module_preset=&#8220;default&#8220; global_colors_info=&#8220;{}&#8220; theme_builder_area=&#8220;post_content&#8220;]<\/p>\n<ul>\n<li>Specialized e bike guide<\/li>\n<li>E-bike rental including helmet  and lock<\/li>\n<li>Visit and tasting of premium meats, local products, and typical wines at a traditional farm in Valpolicella <\/li>\n<\/ul>\n<p>[\/et_pb_tab][et_pb_tab title=&#8220;Treffpunkt&#8220; _builder_version=&#8220;4.23.4&#8243; _module_preset=&#8220;default&#8220; global_colors_info=&#8220;{}&#8220; theme_builder_area=&#8220;post_content&#8220;]<iframe src=\"https:\/\/www.google.com\/maps\/embed?pb=!1m18!1m12!1m3!1d11185.1889316047!2d10.920562649999999!3d45.5040949!2m3!1f0!2f0!3f0!3m2!1i1024!2i768!4f13.1!3m3!1m2!1s0x4781e37193bcec3d%3A0xc772600922039c40!2s37029%20Pedemonte%20VR!5e0!3m2!1sit!2sit!4v1705596188621!5m2!1sit!2sit\" width=\"100%\" height=\"300\" style=\"border:0;\" allowfullscreen=\"\" loading=\"lazy\" referrerpolicy=\"no-referrer-when-downgrade\"><\/iframe>[\/et_pb_tab][\/et_pb_tabs][\/et_pb_column][\/et_pb_row][et_pb_row module_class=&#8220;equal-tabs&#8220; _builder_version=&#8220;4.20.4&#8243; _module_preset=&#8220;default&#8220; custom_margin=&#8220;||||false|false&#8220; custom_padding=&#8220;|0px|0px|0px|false|true&#8220; border_width_all=&#8220;0px&#8220; locked=&#8220;off&#8220; global_colors_info=&#8220;{}&#8220; theme_builder_area=&#8220;post_content&#8220;][et_pb_column type=&#8220;4_4&#8243; _builder_version=&#8220;4.20.4&#8243; _module_preset=&#8220;default&#8220; global_colors_info=&#8220;{}&#8220; theme_builder_area=&#8220;post_content&#8220;][et_pb_text _builder_version=&#8220;4.20.4&#8243; _module_preset=&#8220;default&#8220; custom_margin=&#8220;||10px||false|false&#8220; custom_padding=&#8220;||||false|false&#8220; locked=&#8220;off&#8220; global_colors_info=&#8220;{}&#8220; theme_builder_area=&#8220;post_content&#8220;]<\/p>\n<h3>Kontaktieren uns<\/h3>\n<p>[\/et_pb_text][dvppl_cf7_styler cf7=&#8220;987492334&#8243; form_field_padding=&#8220;15px|10px|15px|10px|true|true&#8220; _builder_version=&#8220;4.24.0&#8243; _module_preset=&#8220;default&#8220; form_field_font_text_color=&#8220;#2a2e31&#8243; form_field_font_font_size=&#8220;16px&#8220; custom_submit_button=&#8220;on&#8220; submit_button_text_size=&#8220;16px&#8220; submit_button_text_color=&#8220;#FFFFFF&#8220; submit_button_bg_color=&#8220;#cb3c3b&#8220; submit_button_border_color=&#8220;#cb3c3b&#8220; submit_button_border_radius=&#8220;3px&#8220; submit_button_font=&#8220;|||on|||||&#8220; submit_button_custom_padding=&#8220;12px|30px|12px|30px|true|true&#8220; custom_padding=&#8220;||||false|false&#8220; submit_button_letter_spacing_last_edited=&#8220;off|desktop&#8220; border_color_all_field=&#8220;RGBA(255,255,255,0)&#8220; locked=&#8220;off&#8220; global_colors_info=&#8220;{}&#8220; submit_button_letter_spacing__hover_enabled=&#8220;on|hover&#8220; submit_button_letter_spacing__hover=&#8220;1px&#8220; theme_builder_area=&#8220;post_content&#8220;][\/dvppl_cf7_styler][\/et_pb_column][\/et_pb_row][\/et_pb_section]<\/p>\n","protected":false},"excerpt":{"rendered":"<p>Auf einem angenehmen Radweg, umgeben von sanften B\u00e4chen auf beiden Seiten, erreichen wir die Weinkellerei: endlich ist es an der Zeit, den wunderbaren Wein von Verona zu probieren!  <\/p>\n","protected":false},"author":1,"featured_media":987488566,"template":"","format":"standard","meta":{"_et_pb_use_builder":"on","_et_pb_old_content":"","_et_gb_content_width":""},"class_list":["post-987490593","tour","type-tour","status-publish","format-standard","has-post-thumbnail","hentry"],"_links":{"self":[{"href":"https:\/\/veronaintour.com\/de\/wp-json\/wp\/v2\/tour\/987490593","targetHints":{"allow":["GET"]}}],"collection":[{"href":"https:\/\/veronaintour.com\/de\/wp-json\/wp\/v2\/tour"}],"about":[{"href":"https:\/\/veronaintour.com\/de\/wp-json\/wp\/v2\/types\/tour"}],"author":[{"embeddable":true,"href":"https:\/\/veronaintour.com\/de\/wp-json\/wp\/v2\/users\/1"}],"wp:featuredmedia":[{"embeddable":true,"href":"https:\/\/veronaintour.com\/de\/wp-json\/wp\/v2\/media\/987488566"}],"wp:attachment":[{"href":"https:\/\/veronaintour.com\/de\/wp-json\/wp\/v2\/media?parent=987490593"}],"curies":[{"name":"wp","href":"https:\/\/api.w.org\/{rel}","templated":true}]}}

<p>[et_pb_section fb_built=&#8220;1&#8243; _builder_version=&#8220;4.20.4&#8243; _module_preset=&#8220;default&#8220; custom_padding=&#8220;||0px|||&#8220; locked=&#8220;off&#8220; global_colors_info=&#8220;{}&#8220; theme_builder_area=&#8220;post_content&#8220;][et_pb_row use_custom_gutter=&#8220;on&#8220; gutter_width=&#8220;1&#8243; module_class=&#8220;col-width&#8220; _builder_version=&#8220;4.20.4&#8243; _module_preset=&#8220;default&#8220; custom_margin=&#8220;0px||0px||true|false&#8220; custom_padding=&#8220;0px||0px||true|false&#8220; global_colors_info=&#8220;{}&#8220; theme_builder_area=&#8220;post_content&#8220;][et_pb_column type=&#8220;4_4&#8243; _builder_version=&#8220;4.20.4&#8243; _module_preset=&#8220;default&#8220; global_colors_info=&#8220;{}&#8220; theme_builder_area=&#8220;post_content&#8220;][et_pb_gallery gallery_ids=&#8220;987490054,987490062,987490058,987490050&#8243; show_title_and_caption=&#8220;off&#8220; show_pagination=&#8220;off&#8220; zoom_icon_color=&#8220;RGBA(255,255,255,0)&#8220; hover_overlay_color=&#8220;RGBA(255,255,255,0)&#8220; module_class=&#8220;col-width&#8220; _builder_version=&#8220;4.20.4&#8243; _module_preset=&#8220;default&#8220; border_color_all=&#8220;#FFFFFF&#8220; border_width_all_image=&#8220;4px&#8220; border_color_all_image=&#8220;#FFFFFF&#8220; global_colors_info=&#8220;{}&#8220; theme_builder_area=&#8220;post_content&#8220;][/et_pb_gallery][/et_pb_column][/et_pb_row][/et_pb_section][et_pb_section fb_built=&#8220;1&#8243; _builder_version=&#8220;4.20.4&#8243; _module_preset=&#8220;default&#8220; global_colors_info=&#8220;{}&#8220; theme_builder_area=&#8220;post_content&#8220;][et_pb_row column_structure=&#8220;1_2,1_2&#8243; _builder_version=&#8220;4.20.4&#8243; _module_preset=&#8220;default&#8220; width_tablet=&#8220;90%&#8220; width_phone=&#8220;&#8220; width_last_edited=&#8220;on|phone&#8220; custom_padding=&#8220;0px||||false|false&#8220; global_colors_info=&#8220;{}&#8220; theme_builder_area=&#8220;post_content&#8220;][et_pb_column type=&#8220;1_2&#8243; _builder_version=&#8220;4.16&#8243; _module_preset=&#8220;default&#8220; global_colors_info=&#8220;{}&#8220; theme_builder_area=&#8220;post_content&#8220;][et_pb_text _builder_version=&#8220;4.27.6&#8243; custom_margin=&#8220;||10px||false|false&#8220; custom_padding=&#8220;||||false|false&#8220; hover_enabled=&#8220;0&#8243; locked=&#8220;off&#8220; global_colors_info=&#8220;{}&#8220; theme_builder_area=&#8220;post_content&#8220; sticky_enabled=&#8220;0&#8243;]</p>
<h3>Übersicht</h3>
<p>Nehmen Sie an unserer exklusiven Tour durch das Valpolicella teil, einer bezaubernden Region, in der Natur, Geschichte und Kultur zu einem einzigartigen Erlebnis verschmelzen. Wir starten in Pedemonte und tauchen von dort aus in eine atemberaubende Naturlandschaft ein, die unter anderem von Weinbergen und Olivenhainen in Negrar geprägt ist. Anschließend steigen wir auf den Monte Masua, um den Panoramablick über das Tal zu genießen. Am Armani-Bio-See legen wir eine entspannte Pause ein, bevor wir zur Wallfahrtskirche Santa Maria Valverde weiterfahren, einer historischen Stätte mit spektakulären Ausblicken. Die Tour führt weiter über den ruhigen Radweg nach San Floriano und Arbizzano. Den Abschluss bildet eine Wein- und Speisenverkostung auf einem traditionellen lokalen Bauernhof. Eine unvergessliche Reise durch die Schönheit und die Aromen des Valpolicella, die jedem Reisenden lange in Erinnerung bleiben wird.</p>
<p>[/et_pb_text][/et_pb_column][et_pb_column type=&#8220;1_2&#8243; _builder_version=&#8220;4.16&#8243; _module_preset=&#8220;default&#8220; global_colors_info=&#8220;{}&#8220; theme_builder_area=&#8220;post_content&#8220;][et_pb_tabs active_tab_background_color=&#8220;#cb3c3b&#8220; inactive_tab_background_color=&#8220;#efefef&#8220; active_tab_text_color=&#8220;#FFFFFF&#8220; module_class=&#8220;equal-tabs&#8220; _builder_version=&#8220;4.27.6&#8243; _module_preset=&#8220;default&#8220; tab_text_color=&#8220;#2a2e31&#8243; tab_line_height=&#8220;1.3em&#8220; custom_margin=&#8220;||||false|false&#8220; custom_padding=&#8220;|0px|0px|0px|false|true&#8220; hover_enabled=&#8220;0&#8243; border_width_all=&#8220;0px&#8220; locked=&#8220;off&#8220; global_colors_info=&#8220;{}&#8220; theme_builder_area=&#8220;post_content&#8220; sticky_enabled=&#8220;0&#8243;][et_pb_tab title=&#8220;Tour info&#8220; _builder_version=&#8220;4.27.6&#8243; _module_preset=&#8220;default&#8220; hover_enabled=&#8220;0&#8243; global_colors_info=&#8220;{}&#8220; theme_builder_area=&#8220;post_content&#8220; sticky_enabled=&#8220;0&#8243;]</p>
<p><strong>Cod.E22025 &#8211; Private Führung</strong></p>
<p><strong>Preis:</strong> 154,00 € pro Person (mind. 2 Personen)<br /><strong>Dauer der Tour:</strong> 4 Stunden<br /><strong>Startzeit:</strong> 9:30 Uhr<br /><strong>Mitzubringen sind:</strong> bequeme Schuhe, Sportkleidung</p>
<p>Parkplätze stehen am Treffpunkt zur Verfügung.</p>
<p>Erhalten Sie Antworten auf Ihre Fragen. Lesen Sie die <a href="https://veronaintour.com/de/faqs/" target="_blank" rel="noopener" aria-label="FAQs">FAQs</a>, um Antworten auf die am häufigsten gestellten Fragen zu finden, oder kontaktieren Sie uns über das unten stehende Formular.</p>
<div class="et_pb_row et_pb_row_2">
<div class="et_pb_column et_pb_column_4_4 et_pb_column_3  et_pb_css_mix_blend_mode_passthrough et-last-child">
<div class="et_pb_module et_pb_code et_pb_code_0">
<div class="et_pb_code_inner">
<p><booking-widget widget-id="8e4ac65b-dfa0-4e2e-869a-e9747b5fa46a" data-wid="1" tabindex="0"></booking-widget></p>
<div id="styles">
<div id="mui-insertion-point"></div>
<div id="custom-styles"></div>
</div>
<div id="root">
<div class="MuiScopedCssBaseline-root re-ba-ieo5cn">
<div class="MuiScopedCssBaseline-root re-ba-17a40fn">
<div class="regiondo-widget regiondo-w-large re-ba-gajhq5">
<div class="regiondo-content">
<div class="regiondo-tabs">
<div class="MuiBox-root re-ba-0">
<div class="regiondo-steps MuiBox-root re-ba-1v3caum">
<div class="MuiBox-root re-ba-ynhmxt"></div>
</div>
</div>
</div>
</div>
</div>
</div>
</div>
</div>
<p>&nbsp;</p>
</div>
</div>
</div>
</div>
<p>[/et_pb_tab][et_pb_tab title=&#8220;Einschlüsse&#8220; _builder_version=&#8220;4.23.4&#8243; _module_preset=&#8220;default&#8220; global_colors_info=&#8220;{}&#8220; theme_builder_area=&#8220;post_content&#8220;]</p>
<ul>
<li>Specialized e bike guide</li>
<li>E-bike rental including helmet  and lock</li>
<li>Visit and tasting of premium meats, local products, and typical wines at a traditional farm in Valpolicella </li>
</ul>
<p>[/et_pb_tab][et_pb_tab title=&#8220;Treffpunkt&#8220; _builder_version=&#8220;4.23.4&#8243; _module_preset=&#8220;default&#8220; global_colors_info=&#8220;{}&#8220; theme_builder_area=&#8220;post_content&#8220;]<iframe src="https://www.google.com/maps/embed?pb=!1m18!1m12!1m3!1d11185.1889316047!2d10.920562649999999!3d45.5040949!2m3!1f0!2f0!3f0!3m2!1i1024!2i768!4f13.1!3m3!1m2!1s0x4781e37193bcec3d%3A0xc772600922039c40!2s37029%20Pedemonte%20VR!5e0!3m2!1sit!2sit!4v1705596188621!5m2!1sit!2sit" width="100%" height="300" style="border:0;" allowfullscreen="" loading="lazy" referrerpolicy="no-referrer-when-downgrade"></iframe>[/et_pb_tab][/et_pb_tabs][/et_pb_column][/et_pb_row][et_pb_row module_class=&#8220;equal-tabs&#8220; _builder_version=&#8220;4.20.4&#8243; _module_preset=&#8220;default&#8220; custom_margin=&#8220;||||false|false&#8220; custom_padding=&#8220;|0px|0px|0px|false|true&#8220; border_width_all=&#8220;0px&#8220; locked=&#8220;off&#8220; global_colors_info=&#8220;{}&#8220; theme_builder_area=&#8220;post_content&#8220;][et_pb_column type=&#8220;4_4&#8243; _builder_version=&#8220;4.20.4&#8243; _module_preset=&#8220;default&#8220; global_colors_info=&#8220;{}&#8220; theme_builder_area=&#8220;post_content&#8220;][et_pb_text _builder_version=&#8220;4.20.4&#8243; _module_preset=&#8220;default&#8220; custom_margin=&#8220;||10px||false|false&#8220; custom_padding=&#8220;||||false|false&#8220; locked=&#8220;off&#8220; global_colors_info=&#8220;{}&#8220; theme_builder_area=&#8220;post_content&#8220;]</p>
<h3>Kontaktieren uns</h3>
<p>[/et_pb_text][dvppl_cf7_styler cf7=&#8220;987492334&#8243; form_field_padding=&#8220;15px|10px|15px|10px|true|true&#8220; _builder_version=&#8220;4.24.0&#8243; _module_preset=&#8220;default&#8220; form_field_font_text_color=&#8220;#2a2e31&#8243; form_field_font_font_size=&#8220;16px&#8220; custom_submit_button=&#8220;on&#8220; submit_button_text_size=&#8220;16px&#8220; submit_button_text_color=&#8220;#FFFFFF&#8220; submit_button_bg_color=&#8220;#cb3c3b&#8220; submit_button_border_color=&#8220;#cb3c3b&#8220; submit_button_border_radius=&#8220;3px&#8220; submit_button_font=&#8220;|||on|||||&#8220; submit_button_custom_padding=&#8220;12px|30px|12px|30px|true|true&#8220; custom_padding=&#8220;||||false|false&#8220; submit_button_letter_spacing_last_edited=&#8220;off|desktop&#8220; border_color_all_field=&#8220;RGBA(255,255,255,0)&#8220; locked=&#8220;off&#8220; global_colors_info=&#8220;{}&#8220; submit_button_letter_spacing__hover_enabled=&#8220;on|hover&#8220; submit_button_letter_spacing__hover=&#8220;1px&#8220; theme_builder_area=&#8220;post_content&#8220;][/dvppl_cf7_styler][/et_pb_column][/et_pb_row][/et_pb_section]</p>

<p>Auf einem angenehmen Radweg, umgeben von sanften Bächen auf beiden Seiten, erreichen wir die Weinkellerei: endlich ist es an der Zeit, den wunderbaren Wein von Verona zu probieren!  </p>
